 13 + (1 - 5) + 1. Suppose -5*z - 454 = -3*w, r*w = 4*w - 3*z + 734. Calculate the highest common factor of 37 and w.
37
Suppose h = -5*o + 2788, -2*o - 13*h + 10*h = -1110. Calculate the greatest common factor of 62 and o.
62
Let u = -2117 + 2212. Calculate the greatest common factor of u and 35.
5
Let g = -649 + -366. Let m be 8/36 + (g/(-9) - -4). Calculate the highest common divisor of m and 13.
13
Let l(w) = -w**2 + 33*w + 58. Let b be l(28). Calculate the highest common divisor of b and 36.
18
Let h be 1/(-5) + 364/20. Suppose 0 = -7*r + 43*r - 4536. What is the greatest common factor of h and r?
18
Suppose 4*f - 2*p - 2536 = 2*p, 1280 = 2*f + 4*p. Calculate the greatest common factor of f and 36.
12
Let c = 168 + -82. Calculate the greatest common factor of c and 215.
43
Let z = -7 - -32. Suppose -5*f + 3*x + 2*x = -z, -9 = -f - x. Suppose -a + 3*a - 70 = 0. What is the greatest common divisor of a and f?
7
Let g(q) = -q**3 + 5*q**2 + 6*q + 4. Let o be g(6). Suppose 0 = 3*i - 0*p - p - 193, 4*p = -o*i + 252. What is the highest common factor of i and 32?
32
Let w(l) = 6*l**3 + 2*l**2 - 11*l + 22. Let m be w(2). Let f be (2/(-5))/((-2)/70). Calculate the highest common factor of m and f.
14
Let b be (-1)/(-1) + -7 + 797. What is the greatest common divisor of b and 7?
7
Let z(s) = -s**2 + 4. Let i be z(0). Suppose -5*u + 6*q = 3*q + 806, 4*u = -3*q - 634. Let h be (u/12)/i*-6. What is the greatest common divisor of 30 and h?
10
Let b = -68 - -314. What is the greatest common divisor of 164 and b?
82
Suppose 13*w - 32 = -6. Let v be (68/6)/w + 54/(-81). What is the greatest common divisor of v and 35?
5
Let t = 26 - 31. Let o be 708/(-40)*-2 + 2/t. Calculate the greatest common divisor of o and 210.
35
Suppose 32*v - 29*v = 3894. Calculate the highest common divisor of 236 and v.
118
Let u(s) = s + 32. Let q be u(7). What is the highest common factor of q and 26?
13
Suppose 0 = 2*c + 5*d - 45, -5*c - 4*d + 122 = -d. Calculate the greatest common factor of c and 275.
25
Let y = -1875 + 2013. Calculate the highest common divisor of y and 92.
46
Suppose 4*k = k + 6. Suppose 0*q + k*q = s - 53, q = -2*s + 111. What is the greatest common divisor of s and 11?
11
Let n = 23 - 36. Let i = n - -15. Suppose 2*p + 3*w = 29, i*p - 4*w = -p + 18. What is the highest common divisor of p and 50?
10
Let u be 4/(-6) + 132/9. Let t = 4 - u. Let a = t - -34. Calculate the greatest common factor of 216 and a.
24
Suppose 0 = 3*h + 5*k - 12, -h + 3 + 1 = -k. Let v be (-1)/2*(-24)/h. Suppose 5*n - v = 47. What is the highest common divisor of n and 20?
10
Suppose 6*x - x - 1170 = 0. Let v(m) = -3*m - 24. Let c be v(-21). Calculate the highest common divisor of x and c.
39
Let c = -135 - -137. Suppose 9 = -c*w + 5*d + 148, 2*w + 2*d = 146. Calculate the greatest common divisor of 108 and w.
36
Suppose 3*z + 335 = 3*a + z, -3*a - 2*z = -319. Suppose -a = -0*w - 3*w + 2*m, 3*m = -3*w + 99. Calculate the highest common factor of 21 and w.
7
Let n be ((-3)/(-3)*-1)/(2/14). Let q(p) = -17*p + 21. Let f be q(n). What is the highest common divisor of f and 20?
20
Let f = -53 - -57. Let j be 5*(0 + 3)/3. Suppose t + 31 = b - 5, -j*b - 3*t = -148. Calculate the greatest common factor of b and f.
4
Suppose 25 - 23 = f. Suppose 8 = -f*x + 12. Calculate the highest common factor of 3 and x.
1
Suppose -138*n + 390 = -125*n. What is the highest common divisor of 75 and n?
15
Suppose -d = -2*t + 8, -3*t - d + 25 = 4*d. Suppose t*p = 17 + 23. Let o = 18 - p. Calculate the highest common divisor of o and 15.
5
Let s = -40 - -40. Suppose -7*d + d + 168 = s. Calculate the greatest common factor of 28 and d.
28
Suppose 3 = -2*n + 3*m, n + m + 3*m = -7. Let a(v) = -41*v - 9. Let j be a(n). What is the highest common factor of j and 76?
38
Let p(i) = -i - 13. Let z be p(-15). Let g be 0/3 + 0 + z. Calculate the greatest common factor of 4 and g.
2
Let z = -48 + 81. Let t = 51 - z. Let f = 26 - t. Calculate the highest common divisor of f and 88.
8
Let l = -3694 + 3708. Let j be (2 + 5)*(0 + 18). Calculate the highest common divisor of l and j.
14
Let l(a) = 19*a. Let p be l(1). Let v = 109 - 90. Calculate the highest common factor of p and v.
19
Suppose 4*m - 6*m = 12. Let k be (2 + m + 1)/(-1). Calculate the greatest common factor of 24 and k.
3
Let a = -294 + 833. Calculate the highest common divisor of 98 and a.
49
Let w = 128 + 12. Calculate the greatest common factor of 175 and w.
35
Let q(c) = -8*c**3 - 8*c**2 - 32*c - 67. Let d be q(-5). What is the highest common divisor of 19 and d?
19
Let o(v) = -12*v + 27. Let i be o(1). What is the highest common divisor of i and 81?
3
Suppose 0 = 4*w - 0*w - 40. Suppose 2*p - w = 14. Suppose p = 2*j + j. Calculate the greatest common factor of 36 and j.
4
Let f be 6/(-6 + (-738)/(-120)). Calculate the highest common divisor of 180 and f.
20
Suppose -98 - 56 = -u. Suppose 4*g - 65 - 187 = 0. Let q = 85 - g. What is the greatest common divisor of u and q?
22
Suppose 113 + 103 = n + 4*p, 0 = -2*n + 4*p + 432. Calculate the highest common divisor of n and 189.
27
Let n be (0 - 6 - -8) + (51 - 1). Calculate the highest common divisor of 78 and n.
26
Let n(a) = -52*a - 189. Let m be n(-4). What is the highest common factor of m and 133?
19
Suppose n = 2*h + h + 5, 0 = 2*h - 4*n + 20. Suppose h = -5*u + 25, -2*r - 2*u + 85 = 3*r. Calculate the greatest common divisor of r and 5.
5
Let u be (-6 - (-78)/15)*-210. Calculate the highest common factor of 48 and u.
24
Suppose c + 864 = 7*c. Let m = c - -24. What is the greatest common factor of m and 24?
24
Let k be (54/(-63))/((-6)/28). Let b be k/10 + (0 - (-118)/5). What is the greatest common factor of 24 and b?
24
Let r = -62 - -197. Let d(s) = 10*s + 7. Let x be d(2). Calculate the highest common factor of r and x.
27
Let s(l) = -l. Let o be s(-1). Let q = 27 - 6. Suppose 0 = 2*t + t - q. What is the highest common divisor of t and o?
1
Suppose 258*i + 4416 = 270*i. What is the highest common divisor of i and 64?
16
Suppose -15*o = -4*n - 13*o - 44, 0 = -3*o - 6. Suppose 4*u + 58 = -46. Let y = n - u. Calculate the highest common factor of y and 28.
14
Let h = 2 + -2. Suppose -6*i + 2*i + 360 = h. Suppose -f = 0, f = -2*y + i - 26. Calculate the greatest common divisor of y and 80.
16
Suppose -3*x = -2*p - 96, p + 6 = 3. Calculate the highest common factor of x and 810.
30
Let n = -7 + 2. Let a = n - -13. What is the highest common divisor of a and 8?
8
Let d = -1197 + 1486. Calculate the greatest common factor of 51 and d.
17
Suppose 0 = 42*t - 46*t + 1104. Calculate the highest common factor of 36 and t.
12
Let k = -1995 + 4255. Calculate the greatest common divisor of k and 20.
20
Suppose -2*s - 3*s + 20 = 0. Suppose 85 = s*z - 179. Calculate the greatest common factor of 6 and z.
6
Suppose -115 = 4*d - 9*d. Let h = 25 - d. Suppose 0 = -5*k + k - 2*p + 14, -2*p = -4*k + h. What is the highest common divisor of k and 2?
2
Let u(o) = 8*o**2 + 43*o - 84. Let j be u(2). Suppose -2*d + n = -7, 4*n + 2 + 2 = -4*d. Calculate the greatest common factor of j and d.
2
Let k be 0 + (-9)/(-6)*-2. Let u be (-4)/(4/(-33)) - k. What is the greatest common divisor of u and 54?
18
Suppose 0 = 2*l - 0*x + 4*x - 14, 4*l = -4*x + 20. Let y = l + 12. Calculate the greatest common divisor of 60 and y.
15
Suppose 2*j = -0*j - 158. Let a = -74 - j. Suppose -8 = m - 3*m, -m = 2*n - 24. What is the highest common divisor of a and n?
5
Let i be (-4 - -8) + (-12 - 2). Let p = 15 + i. Suppose 10*l = -u + p*l + 50, 3*l + 48 = 2*u. What is the highest common divisor of 45 and u?
15
Suppose 57 = -0*y + 3*y. Suppose 4*k + 2*k = 912. What is the highest common factor of y and k?
19
Suppose -2*c - 368 = -548. What is the highest common factor of c and 54?
18
Suppose -6*s = -0*s - 6. Let f be -2*(s + 41)/(-3). Calculate the highest common factor of f and 56.
28
Let j be (9 - 6) + 1*-2. Let k(c) = -c + 1. Let n be k(j). Suppose -2*q + 242 = -n*q. Calculate the highest common factor of q and 11.
11
Let c(d) = 4*d**3 - 10*d**2 + 37*d - 137. Let m be c(6). Calculate the highest common divisor of m and 57.
19
Let b = 1392 + -1328. Calculate the greatest common factor of b and 104.
8
Let j be 1173/34*((-4)/(-6) - -2). Let d be